 divided by 61.
57
What is the remainder when 4728651 is divided by 27?
6
What is the remainder when 248 is divided by 225?
23
What is the remainder when 427850 is divided by 38787?
1193
Calculate the remainder when 12584 is divided by 1599.
1391
Calculate the remainder when 1681672 is divided by 273.
265
Calculate the remainder when 371810 is divided by 92947.
22
What is the remainder when 8784486 is divided by 56?
46
What is the remainder when 1505165 is divided by 963?
959
What is the remainder when 661958321 is divided by 201?
197
What is the remainder when 182360 is divided by 35197?
6375
Calculate the remainder when 2085096 is divided by 13806.
390
Calculate the remainder when 695452 is divided by 347723.
6
Calculate the remainder when 1132015 is divided by 616.
423
What is the remainder when 56896 is divided by 39?
34
Calculate the remainder when 443315 is divided by 1725.
1715
Calculate the remainder when 4873629 is divided by 118.
111
What is the remainder when 54778 is divided by 925?
203
What is the remainder when 15903146 is divided by 1223318?
12
Calculate the remainder when 22446335 is divided by 128.
127
Calculate the remainder when 22192881 is divided by 13.
9
Calculate the remainder when 51080 is divided by 49451.
1629
Calculate the remainder when 170575377 is divided by 36.
33
Calculate the remainder when 607650 is divided by 2543.
2416
What is the remainder when 83032026 is divided by 66746?
2
Calculate the remainder when 57852 is divided by 3173.
738
What is the remainder when 13896592 is divided by 3474147?
4
What is the remainder when 1008387 is divided by 205?
197
What is the remainder when 629278 is divided by 2185?
2183
Calculate the remainder when 143604247 is divided by 23.
21
Calculate the remainder when 463118 is divided by 462910.
208
Calculate the remainder when 327886 is divided by 137.
45
What is the remainder when 58594 is divided by 18880?
1954
What is the remainder when 244586590 is divided by 2982763?
24
Calculate the remainder when 53325 is divided by 2657.
185
Calculate the remainder when 14469434 is divided by 761544.
98
What is the remainder when 1682926 is divided by 2446?
78
What is the remainder when 4962741825 is divided by 8713?
8711
What is the remainder when 249081 is divided by 4294?
29
What is the remainder when 17395058 is divided by 2745?
2738
What is the remainder when 149114 is divided by 1447?
73
Calculate the remainder when 2225527 is divided by 41990.
57
Calculate the remainder when 59308 is divided by 19349.
1261
What is the remainder when 10718 is divided by 71?
68
What is the remainder when 2442175 is divided by 7142?
6753
Calculate the remainder when 29434 is divided by 2798.
1454
What is the remainder when 12753025 is divided by 119187?
16
Calculate the remainder when 136088007 is divided by 3437.
3429
Calculate the remainder when 1215400 is divided by 1089.
76
Calculate the remainder when 151486332 is divided by 16831813.
15
What is the remainder when 200725 is divided by 6456?
589
Calculate the remainder when 21947821 is divided by 3424.
3405
Calculate the remainder when 5514224 is divided by 501292.
12
What is the remainder when 12755536 is divided by 113?
96
Calculate the remainder when 28541992 is divided by 661.
12
Calculate the remainder when 383941849 is divided by 14.
11
What is the remainder when 1402667 is divided by 18702?
17
Calculate the remainder when 15062525 is divided by 120500.
25
What is the remainder when 520402 is divided by 477?
472
Calculate the remainder when 293002 is divided by 555.
517
Calculate the remainder when 12003184 is divided by 12003178.
6
Calculate the remainder when 91852 is divided by 8333.
189
Calculate the remainder when 328564 is divided by 162329.
3906
What is the remainder when 566199 is divided by 2430?
9
What is the remainder when 1694667 is divided by 14361?
69
Calculate the remainder when 2912626 is divided by 170.
16
Calculate the remainder when 990316 is divided by 22503.
184
What is the remainder when 324954 is divided by 1805?
54
What is the remainder when 4765342629 is divided by 23?
22
Calculate the remainder when 25379 is divided by 2347.
1909
What is the remainder when 51384 is divided by 6423?
0
Calculate the remainder when 122544 is divided by 61242.
60
What is the remainder when 2796526 is divided by 14875?
26
Calculate the remainder when 54656314 is divided by 54.
52
What is the remainder when 27087 is divided by 24304?
2783
Calculate the remainder when 463493 is divided by 6916.
121
What is the remainder when 43414 is divided by 4753?
637
What is the remainder when 160974 is divided by 7982?
1334
Calculate the remainder when 448459 is divided by 742.
291
What is the remainder when 1340340059 is divided by 8105?
8104
Calculate the remainder when 20014 is divided by 2204.
178
Calculate the remainder when 105382939 is divided by 2045.
2044
What is the remainder when 56463265 is divided by 191?
36
Calculate the remainder when 380473 is divided by 761.
734
What is the remainder when 8225892 is divided by 297?
180
What is the remainder when 51568812 is divided by 143?
9
Calculate the remainder when 1872385 is divided by 2747.
1678
Calculate the remainder when 31476049 is divided by 308.
297
What is the remainder when 1738899 is divided by 217343?
155
Calculate the remainder when 886915 is divided by 1426.
1369
What is the remainder when 5534714 is divided by 15460?
34
What is the remainder when 695084 is divided by 1451?
55
What is the remainder when 123645 is divided by 1736?
389
Calculate the remainder when 64868 is divided by 60657.
4211
Calculate the remainder when 1229417 is divided by 26154.
179
What is the remainder when 801747 is divided by 114522?
93
Calculate the remainder when 29494943 is divided by 18.
17
What is the remainder when 515598 is divided by 3247?
2572
What is the remainder when 12022786 is divided by 666?
154
What is the remainder when 4248621 is divided by 15?
6
What is the remainder when 49969226 is divided by 134?
90
What is the remainder when 1707937 is divided by 853949?
39
What is the remainder when 2827627 is divided by 97?
77
Calculate the remainder when 3041164 is divided by 173.
170
What is the remainder when 1234702 is divided by 308672?
14
Calculate the remainder when 348667 is divided by 24903.
25
What is the remainder when 415892679 is divided by 7?
6
What is the remainder when 749558 is divided by 117?
56
What is the remainder when 181391 is divided by 60391?
218
What is the remainder when 3838644 is divided by 263?
159
What is the remainder when 1134470 is divided by 1134453?
17
Calculate the remainder when 30338847 is divided by 41.
36
Calculate the remainder when 41762 is divided by 19355.
3052
Calculate the remainder when 417923026 is divided by 2701.
2698
What is the remainder when 154325818 is divided by 33?
31
Calculate the remainder when 755815 is divided by 188786.
671
Calculate the remainder when 23510589 is divided by 460.
449
What is the remainder when 874884 is divided by 67?
65
What is the remainder when 571204 is divided by 31717?
298
What is the remainder when 9505930 is divided by 45?
40
Calculate the remainder when 173836 is divided by 5.
1
Calculate the remainder when 151935 is divided by 1356.
63
Calculate the remainder when 2161403 is divided by 162.
161
What is the remainder when 50646 is divided by 1960?
1646
What is the remainder when 5583780 is divided by 414?
162
What is the remainder when 316822 is divided by 316803?
19
Calculate the remainder when 1752552 is divided by 1229.
1227
Calculate the remainder when 16471267 is divided by 68.
35
Calculate the remainder when 23257936 is divided by 5663.
5658
Calculate the remainder when 228678 is divided by 172.
90
Calculate the remainder when 101538665 is divided by 175.
165
Calculate the remainder when 34953 is divided by 17432.
89
Calculate the remainder when 11241830 is divided by 125.
80
Calculate the remainder when 1919040 is divided by 383471.
1685
Calculate the remainder when 560003 is divided by 2906.
2051
What is the remainder when 248403 is divided by 123920?
563
Calculate the remainder when 52196736 is divided by 884.
72
Calculate the remainder when 186971 is divided by 1012.
763
Calculate the remainder 